?
-15
Let w(k) = -k**3 - 24*k**2 + 24*k - 13. What is w(-25)?
12
Let y(x) = x**3 + 19*x**2 + 69*x - 9. Give y(-14).
5
Let l(z) = -z**2 + 18*z - 16. Determine l(20).
-56
Let b(g) = -3*g**2 + 115*g - 44. What is b(38)?
-6
Let r(b) = -b**3 + 10*b**2 + 12*b - 27. What is r(10)?
93
Let a(p) = -p**2 + 27*p - 52. Give a(25).
-2
Let y(n) = n**3 - 10*n**2 + n - 10. Give y(10).
0
Let r(a) = -10*a - 4. Determine r(3).
-34
Let j(x) = -x + 27. Give j(23).
4
Let d(v) = -v**2 - 5*v + 22. Give d(0).
22
Let t(x) = -x**2 + 6*x - 3. Calculate t(4).
5
Let j(b) = -54*b + 436. Determine j(8).
4
Let z(r) = -4*r - 27. Give z(-8).
5
Let f(i) = 3*i**3 + i**2 - i - 3. What is f(-2)?
-21
Let f(b) = 7*b + 51. Give f(-10).
-19
Let y(d) = -2*d**2 + 4*d + 55. Give y(8).
-41
Let v(t) = t**2 - 6. Give v(2).
-2
Let w(b) = 7*b - 4. Determine w(1).
3
Let n(y) = y**3 - 4*y**2 + 4*y. What is n(4)?
16
Let c(u) = 20*u - 2. Determine c(-1).
-22
Let x(a) = a**3 + 6*a**2 + a - 2. What is x(-6)?
-8
Let v(j) = 2*j**3 - 5*j**2 + 5. Give v(3).
14
Let c(g) = -g**2 + g + 51. Calculate c(7).
9
Let z(k) = -k**3 - 7*k**2 + 5*k - 17. Calculate z(-8).
7
Let l(h) = -2*h**2 - 2*h - 4. Give l(3).
-28
Let t(g) = 20*g - 4. What is t(2)?
36
Let d(p) = 11*p**2 - 3*p - 2. What is d(2)?
36
Let u(p) = -p**2 - 30*p - 63. Calculate u(-26).
41
Let l(q) = 15*q - 2. What is l(-2)?
-32
Let p(b) = b + 8. Calculate p(-9).
-1
Let y(g) = -11*g + 11. Calculate y(4).
-33
Let q(d) = 2*d**3 - 13*d**2 + 6*d + 1. Determine q(6).
1
Let o(b) = b**2 - 32*b - 35. What is o(33)?
-2
Let d(g) = -g**2 - 6*g - 2. Calculate d(-4).
6
Let y(d) = 2*d + 13. Calculate y(-16).
-19
Let f(u) = 14*u**2 - 76*u - 11. What is f(5)?
-41
Let v(f) = f**2 + 13*f + 11. What is v(-12)?
-1
Let p(q) = q**3 - 3*q**2 + 4*q + 4. Calculate p(3).
16
Let c(x) = x**3 + 14*x**2 - 2*x - 38. Give c(-14).
-10
Let u(p) = 33*p - 306. Give u(8).
-42
Let h(w) = -63*w - 446. Give h(-7).
-5
Let j(r) = r**3 - 5*r**2 - 11*r + 6. What is j(7)?
27
Let x(f) = -f**2 + 20*f - 48. What is x(17)?
3
Let m(t) = 15*t**3 - t**2 + 2*t + 2. What is m(-1)?
-16
Let x(k) = 3*k - 17. Give x(0).
-17
Let p(a) = -a - 10. Give p(-9).
-1
Let c(u) = -u + 6. What is c(3)?
3
Let n(z) = 2*z - 4. Determine n(7).
10
Let a(i) = 4*i + 3. Determine a(-15).
-57
Let t(i) = i**2 + 16*i + 3. Determine t(-13).
-36
Let l(h) = 2*h**2 - 23*h - 7. Calculate l(11).
-18
Let v(r) = -r**3 + 13*r**2 + 15*r - 26. Calculate v(14).
-12
Let t(x) = -x**3 - 2*x**2 - 3*x - 5. Give t(-4).
39
Let k(y) = y**3 - 5*y**2 + y + 3. Determine k(3).
-12
Let x(n) = n**3 - 13*n**2 - 6*n + 19. What is x(13)?
-59
Let t(r) = -r**3 + r**2 - 2. Determine t(-2).
10
Let p(f) = -2*f**2 - 26*f + 1. What is p(-13)?
1
Let o(i) = -i**3 + 4*i**2 - i - 4. Determine o(3).
2
Let w(h) = -h + 3. Give w(1).
2
Let d(p) = 3*p**2 + 7*p + 4. Calculate d(-4).
24
Let z(y) = y**2 + 26*y + 64. Give z(-25).
39
Let w(x) = 7*x - 3. Calculate w(8).
53
Let c(f) = f**2 + 17*f + 14. Give c(-6).
-52
Let t(g) = g**3 + 6*g**2 - 8*g + 10. Determine t(-7).
17
Let s(b) = -2*b**2 + 6*b + 65. Give s(8).
-15
Let v(w) = w**3 - 7*w**2 + 2*w + 3. What is v(6)?
-21
Let i(x) = -x**3 - 4*x**2 + 4*x - 1. Calculate i(-4).
-17
Let v(s) = 2*s**3 + 2*s**2 + s - 1. What is v(-1)?
-2
Let y(m) = 5*m**3 + 5*m**2 + 5*m - 1. Give y(-2).
-31
Let r(t) = 2*t**2 + 23*t + 28. What is r(-8)?
-28
Let p(n) = 4*n - 59. Calculate p(7).
-31
Let n(z) = -4*z**2 + 92*z + 6. Give n(23).
6
Let v(a) = -6*a - 5. Calculate v(-3).
13
Let c(d) = d**2 + 8*d + 4. Determine c(-7).
-3
Let y(g) = -g**3 + 21*g**2 - g + 16. Calculate y(21).
-5
Let x(h) = h**3 - 22*h**2 + 22*h - 27. Determine x(21).
-6
Let t(v) = v**2 - 38*v - 78. Give t(40).
2
Let r(z) = 7*z - 4. Calculate r(2).
10
Let r(k) = -k**2 - 21*k + 5. Give r(-18).
59
Let i(h) = 3*h - 3. What is i(5)?
12
Let p(y) = 3*y**3 - 4*y**2 + 6*y - 9. What is p(3)?
54
Let y(x) = 2*x + 10. Calculate y(-6).
-2
Let k(y) = -4*y + 61. What is k(22)?
-27
Let b(h) = h**2 + 6*h + 5. What is b(-4)?
-3
Let x(o) = -o**3 - 9*o**2 - 3*o - 7. Calculate x(-8).
-47
Let b(a) = -12*a**3 + 2*a**2 + 3*a + 1. What is b(-1)?
12
Let h(d) = 2*d**3 - 17*d**2 + 10*d - 4. Calculate h(8).
12
Let f(v) = -5*v + 2. Calculate f(-3).
17
Let f(q) = q**3 - 14*q**2 - 10*q + 12. What is f(15)?
87
Let a(r) = 5*r + 1. Determine a(-7).
-34
Let c(w) = -w**2 + 6*w + 121. What is c(14)?
9
Let b(g) = 60*g**2 + 5*g + 4. Calculate b(-1).
59
Let l(s) = -s**2 + 9*s - 1. Determine l(8).
7
Let d(z) = -4*z - 25. Calculate d(0).
-25
Let t(z) = 10*z - 294. Give t(30).
6
Let j(d) = -d**2 + 2*d - 1. Determine j(2).
-1
Let u(j) = -j**3 - 12*j**2 - 11*j + 19. Calculate u(-11).
19
Let u(n) = n - 2. Give u(11).
9
Let f(i) = 4*i**2 + 6*i - 1. Give f(4).
87
Let y(l) = 3*l - 14. Calculate y(5).
1
Let p(d) = -d**3 + 8*d**2 - 1. Calculate p(8).
-1
Let v(g) = -20*g**3 - g**2 - g + 1. Give v(1).
-21
Let j(x) = -x**3 + 11*x**2 - 4*x - 13. Determine j(8).
147
Let k(c) = -19*c - 1. Give k(-11).
208
Let q(o) = -12*o + 7. Calculate q(-2).
31
Let d(z) = 3*z - 70. What is d(21)?
-7
Let p(v) = -3*v**2 + 4*v + 28. What is p(-5)?
-67
Let j(x) = -x**2 + 22*x + 1. Calculate j(22).
1
Let m(q) = -q**2 - 7*q + 2. Give m(-6).
8
Let c(m) = 4*m - 34. What is c(7)?
-6
Let k(n) = n**2 + 14*n + 2. Calculate k(-10).
-38
Let h(p) = -p**3 + 18*p**2 + 2*p - 42. Calculate h(18).
-6
Let m(k) = k + 29. Give m(-5).
24
Let j(o) = o**3 + 11*o**2 - 10*o + 23. Calculate j(-12).
-1
Let s(t) = -t**2 + 10*t - 5. Determine s(15).
-80
Let g(y) = y**2 - 7*y - 3. Give g(7).
-3
Let l(c) = c**2 + 12*c + 14. Give l(-5).
-21
Let p(s) = -s**2 - 2*s + 24. What is p(0)?
24
Let x(z) = -z**2 - 7. Calculate x(-4).
-23
Let c(m) = -m**2 + 20*m + 12. What is c(20)?
12
Let v(s) = -4*s - 20. What is v(10)?
-60
Let r(t) = 6*t**3 + t + 1. Determine r(-1).
-6
Let m(t) = 3*t**2 - 3*t - 2. Determine m(4).
34
Let t(w) = 2*w + 15. What is t(-8)?
-1
Let r(b) = 15*b**3 - b**2 + 5*b + 5. Determine r(-1).
-16
Let h(g) = 6*g - 25. Give h(4).
-1
Let s(y) = -5*y + 3. Give s(-5).
28
Let j(f) = f**3 + 7*f**2 + 2*f + 11. What is j(-7)?
-3
Let a(i) = -3*i**2 + 5*i - 5. Give a(3).
-17
Let a(f) = 2*f**2 + 14*f + 3. Determine a(-7).
3
Let c(h) = h**3 - 26*h**2 - 29*h + 58. Calculate c(27).
4
Let n(w) = w**3 - 19*w - 1. Calculate n(-4).
11
Let v(l) = 19*l + 9. Give v(0).
9
Let x(k) = k**3 + 4*k**2 - 4*k + 6. What is x(-5)?
1
Let r(i) = 9*i - 4. Give r(2).
14
Let c(f) = -16*f - 94. Calculate c(-7).
18
Let i(a) = 5*a**2 - 2*a + 4. Give i(2).
20
Let f(g) = 8*g - 60. Calculate f(12).
36
Let q(v) = 3*v**2 + 105*v + 22. Calculate q(-35).
22
Let k(o) = -o**2 + 11*o - 2. Give k(10).
8
Let y(n) = -9*n - 47. What is y(-7)?
16
Let n(s) = -5*s - 2. Calculate n(-2).
8
Let r(m) = 11*m + 34. Give r(-11).
-87
Let a(p) = p**3 + 8*p**2 + 4*p - 18. Determine a(-7).
3
Let u(h) = 5*h + 31. Give u(-6).
1
Let s(b) = b**3 + 2*b**2 - b - 2. What is s(-2)?
0
Let x(r) = -7*r**2 - 3*r - 2. Determine x(-2).
-24
Let c(x) = -x - 9. Give c(7).
-16
Let b(g) = 2*g**3 + 11*g**2 + 4*g + 1. Calculate b(-5).
6
Let q(p) = -5*p + 11. Calculate q(7).
-24
Let a(j) = 2*j**2 + 27*j - 16. Calculate a(-14).
-2
Let f(b) = 33*b - 109. Determine f(3).
-10
Let x(m) = m**2 - 30. Determine x(5).
-5
Let p(k) = -k**2 - 4*k. What is p(-6)?
-12
Let o(u) = 2*u**2 + 25*u - 17. What is o(-13)?
-4
Let p(a) = a**2 - 36*a - 519. Give p(-11).
-2
Let j(b) = 72*b**2 + b - 1. Determine j(1).
72
Let l(d) = -d**2 - 7*d - 9. What is l(-11)?
-53
Let h(l) = l + 11. Calculate h(4).
15
Let s(f) = 9*f + 314. Calculate s(-34).
8
Let s(a) = -a**3 + 5*a**2 - a + 4. Calculate s(4).
16
Let c(s) = -s**2 - 18*s + 55. Calculate c(3).
-8
Let o(g) = -22*g + 115. Calculate o(6).
-17
Let f(s) = -s**3 + 5*s**2 - 7. Determine f(-3).
65
Let n(s) = -s - 19. What is n(-9)?
-10
Let d(n) = n**3 + 8*n**2 + 12*n + 4. What is d(-6)?
4
Let s(i) = i**3 + 13*i**2 - 12*i - 30. Give s(-14).
-58
Let l(i) = -i**2 - 4*i - 4. Calculate l(-3).
-1
Let t(l) = -2*l**2 + 13*l - 30. Calculate t(4).
-10
Let x(i) = -i**3 + 15. Determine x(3).
-12
Let p(m) = -6*m + 30. Calculate p(15).
-60
Let g(q) = -2*q**2 - 42*q + 256. What is g(5)?
-4
Let x(b) = b**3 - 7*b**2 + 3*b + 28. Give x(4).
-8
Let g(o) = 35*o**2 - o. Calculate g(1).
34
Let z(s) = 6*s - 21. Calculate z(4).
3
Let h(p) = -3*p**2 + 3*p - 3. Determine h(5).
-63
